 14) to base 10.
-1
Convert -40 (base 10) to base 3.
-1111
What is -16 (base 9) in base 2?
-1111
Convert 6 (base 11) to base 16.
6
Convert 1 (base 11) to base 9.
1
Convert 111001 (base 2) to base 8.
71
What is 77 (base 12) in base 5?
331
Convert 0 (base 3) to base 7.
0
Convert -a (base 14) to base 10.
-10
Convert 332 (base 4) to base 2.
111110
Convert 122 (base 3) to base 8.
21
Convert a (base 15) to base 7.
13
Convert 15 (base 6) to base 5.
21
3b (base 16) to base 3
2012
Convert -21 (base 7) to base 3.
-120
-15 (base 6) to base 4
-23
51 (base 9) to base 2
101110
What is 12 (base 13) in base 2?
1111
Convert 5 (base 6) to base 9.
5
What is -1 (base 2) in base 11?
-1
What is 47 (base 11) in base 4?
303
131 (base 10) to base 7
245
Convert 2 (base 9) to base 5.
2
What is -10 (base 15) in base 11?
-14
Convert 37 (base 12) to base 10.
43
What is -311 (base 5) in base 2?
-1010001
-5 (base 16) to base 8
-5
Convert 0 (base 7) to base 6.
0
What is 101 (base 2) in base 6?
5
Convert -1d (base 16) to base 11.
-27
Convert 100 (base 2) to base 6.
4
What is -1 (base 14) in base 16?
-1
-1321 (base 5) to base 12
-157
234 (base 7) to base 16
7b
-12 (base 3) to base 10
-5
-2 (base 3) to base 9
-2
-1045 (base 7) to base 3
-111221
341 (base 11) to base 3
120010
What is 4 (base 14) in base 13?
4
2 (base 6) to base 16
2
-11 (base 3) to base 7
-4
What is 2 (base 10) in base 15?
2
What is 1 (base 5) in base 6?
1
Convert -2 (base 12) to base 8.
-2
-7 (base 15) to base 13
-7
What is -1101000 (base 2) in base 12?
-88
What is -112 (base 3) in base 8?
-16
-3 (base 10) to base 8
-3
What is -20 (base 3) in base 12?
-6
3 (base 12) to base 5
3
-4 (base 6) to base 3
-11
What is -e (base 16) in base 8?
-16
Convert 58 (base 9) to base 15.
38
Convert 3b (base 12) to base 6.
115
What is -1 (base 16) in base 12?
-1
Convert 1 (base 9) to base 16.
1
Convert -2 (base 12) to base 5.
-2
-60 (base 12) to base 6
-200
What is 5 (base 10) in base 15?
5
Convert -11 (base 14) to base 13.
-12
Convert 12110 (base 3) to base 2.
10010011
Convert 8 (base 10) to base 8.
10
What is 54 (base 6) in base 14?
26
46 (base 10) to base 4
232
What is 1214 (base 6) in base 4?
10222
Convert -2 (base 12) to base 9.
-2
Convert -14 (base 12) to base 8.
-20
What is 8a (base 11) in base 10?
98
Convert 0 (base 10) to base 13.
0
Convert -140 (base 5) to base 4.
-231
Convert 111000 (base 2) to base 16.
38
Convert 57 (base 16) to base 11.
7a
What is -53 (base 9) in base 16?
-30
Convert -2 (base 9) to base 12.
-2
What is a (base 15) in base 7?
13
Convert 37 (base 16) to base 9.
61
-11 (base 4) to base 5
-10
-224 (base 12) to base 4
-10330
What is -1101 (base 2) in base 15?
-d
233 (base 6) to base 8
135
-1100110 (base 2) to base 6
-250
What is 71 (base 10) in base 7?
131
Convert -3 (base 4) to base 10.
-3
Convert -4 (base 9) to base 4.
-10
What is -1011 (base 2) in base 6?
-15
What is 2 (base 10) in base 12?
2
-1100 (base 3) to base 12
-30
39 (base 14) to base 8
63
-97 (base 13) to base 6
-324
Convert -2 (base 5) to base 6.
-2
-1 (base 3) to base 6
-1
Convert 145 (base 12) to base 14.
101
What is 2 (base 7) in base 15?
2
What is -2 (base 9) in base 7?
-2
Convert 10011000 (base 2) to base 5.
1102
What is -210 (base 7) in base 5?
-410
110 (base 7) to base 12
48
77 (base 16) to base 2
1110111
11 (base 3) to base 10
4
9 (base 15) to base 12
9
Convert -15 (base 9) to base 11.
-13
What is -64 (base 12) in base 8?
-114
-2 (base 15) to base 9
-2
What is 274 (base 8) in base 10?
188
What is -8 (base 13) in base 11?
-8
-15 (base 10) to base 2
-1111
-110 (base 4) to base 9
-22
Convert -1 (base 6) to base 14.
-1
90 (base 10) to base 11
82
-92 (base 10) to base 4
-1130
116 (base 11) to base 14
9c
What is -2 (base 12) in base 2?
-10
Convert -17 (base 10) to base 6.
-25
What is -1 (base 4) in base 15?
-1
Convert 41 (base 9) to base 14.
29
Convert -1 (base 12) to base 9.
-1
-93 (base 10) to base 16
-5d
What is -12 (base 5) in base 14?
-7
Convert -17 (base 14) to base 13.
-18
b1 (base 12) to base 2
10000101
1 (base 12) to base 5
1
What is -1 (base 2) in base 16?
-1
Convert 40 (base 7) to base 3.
1001
Convert -3 (base 13) to base 11.
-3
What is 33 (base 11) in base 4?
210
98 (base 14) to base 3
11222
Convert -1001 (base 2) to base 14.
-9
46 (base 10) to base 9
51
What is e9 (base 16) in base 15?
108
Convert -221 (base 9) to base 5.
-1211
What is 200 (base 5) in base 2?
110010
What is -14 (base 5) in base 15?
-9
-110 (base 2) to base 12
-6
1212 (base 3) to base 7
101
Convert -100 (base 2) to base 13.
-4
Convert -117 (base 14) to base 15.
-e7
8 (base 11) to base 2
1000
-14 (base 14) to base 7
-24
Convert 0 (base 12) to base 6.
0
Convert 6 (base 12) to base 7.
6
1322 (base 4) to base 5
442
Convert -10 (base 11) to base 10.
-11
Convert -13 (base 4) to base 5.
-12
What is 1 (base 13) in base 9?
1
-8 (base 14) to base 8
-10
Convert 10 (base 13) to base 10.
13
What is -100 (base 3) in base 7?
-12
-2 (base 14) to base 8
-2
Convert -100110 (base 2) to base 4.
-212
Convert -1 (base 10) to base 7.
-1
46 (base 13) to base 16
3a
-a (base 15) to base 10
-10
10 (base 5) to base 7
5
2 (base 6) to base 8
2
Convert 13 (base 4) to base 5.
12
What is 142 (base 5) in base 8?
57
47 (base 8) to base 13
30
-11 (base 12) to base 7
-16
Convert -210 (base 3) to base 14.
-17
Convert -1 (base 9) to base 6.
-1
What is -11100000 (base 2) in base 12?
-168
-2 (base 5) to base 6
-2
-1 (base 3) to base 8
-1
What is 20 (base 16) in base 7?
44
Convert -15 (base 16) to base 6.
-33
Convert 259 (base 12) to base 4.
11211
What is -11 (base 8) in base 16?
-9
Convert 15 (base 8) to base 15.
d
-3c (base 13) to base 3
-1220
115 (base 7) to base 13
49
What is -210 (base 4) in base 13?
-2a
-23 (base 10) to base 8
-27
Convert 1122 (base 5) to base 15.
ac
-33 (base 6) to base 14
-17
Convert 13 (base 10) to base 16.
d
What is 3 (base 15) in base 2?
11
Convert 0 (base 12) to base 9.
0
-36 (base 10) to base 15
-26
42 (base 8) to base 6
54
Convert cd (base 16) to base 14.
109
-1 (base 5) to base 14
-1
Convert -3 (base 6) to base 14.
-3
Convert 2 (base 14) to base 15.
2
Convert 60 (base 12) to base 5.
242
c (base 16) to base 11
11
Convert 0 (base 13) to base 3.
0
What is -100 (base 2) in base 4?
-10
Convert -16 (base 12) to base 14.
-14
6c (base 13) to base 6
230
What is 30 (base 12) in base 6?
100
What is -4 (base 9) in base 12?
-4
3 (base 15) to base 16
3
What is 2 (base 6) in base 12?
2
What is -16 (base 12) in base 10?
-18
5 (base 11) to base 14
5
4 (base 15) to base 3
11
-1 (base 12) to base 5
-1
What is -1 (base 14) in base 16?
-1
Convert 5 (base 14) to base 13.
5
Convert -21 (base 5) to base 14.
-b
Convert -3 (base 11) to base 2.
-11
Convert 1 (base 4) to base 5.
1
20 (base 12) to base 13
1b
Convert -1 (base 5) to base 13.
-1
-6 (base 9) to base 13
-6
Convert -157 (base 8) to base 3.
-11010
Convert 114 (base 8) to base 2.
1001100
What is -11 (base 8) in base 5?
-14
313 (base 9) to base 4
3333
What is 2 (base 12) in base 2?
10
Convert -7 (base 11) to base 10.
-7
Convert 1001111 (base 2) to base 7.
142
Convert c (base 14) to base 4.
30
Convert -25 (base 14) to base 9.
-36
What is -4 (base 5) in base 4?
-10
-3 (base 8) to base 11
-3
-92 (base 11) to base 7
-203
Convert -7 (base 11) to base 12.
-7
Convert 3 (base 12) to base 2.
11
What is 14 (base 9) in base 16?
d
2d (base 15) to base 7
61
Convert 46 (base 16) to base 3.
2121
What is 8 (base 12) in base 7?
11
-18 (base 14) to base 11
-20
1 (base 9) to base 11
1
2 (base 6) to base 11
2
What is -1 (base 3) in base 13?
-1
What is 5 (base 6) in base 10?
5
-4 (base 12) to base 11
-4
Convert -14 (base 15) to base 12.
-17
What is 1a (base 15) in base 6?
41
-11 (base 15) to base 11
-15
What is 16 (base 16) in base 5?
42
What is 5 (base 9) in base 5?
10
What is 2002 (base 4) in base 8?
202
Convert -22 (base 4) to base 7.
-13
170 (base 13) to base 4
10010
What is 15 (base 15) in base 9?
22
What is 22 (base 16) in base 14?
26
Convert 13 (base 6) to base 15.
9
-104 (base 5) to base 7
-41
Convert -43 (base 5) to base 16.
-17
1b (base 14) to base 3
221
What is 10 (base 16) in base 4?
100
Convert 3 (base 15) to base 7.
3
Convert 1 (base 16) to base 14.
1
What is -7 (base 10) in base 7?
-10
Convert 24 (base 15) to base 6.
54
Convert -22 (base 3) to b